rime?
True
Suppose -7*b = -2*b - 5. Let n be (b + 96)/((-12)/(-84)). Suppose 5*w + n = 3104. Is w a prime number?
False
Let n be ((-2)/3)/((-6)/27). Let a be (7 + n)*(-2)/(-4). Suppose -75 = 2*m - a*m. Is m prime?
False
Let b be 2766/9 - (-2 + (-10)/(-3)). Let v = b + -157. Is v a composite number?
False
Let j(b) = -297*b**3 + 10*b**2 - 7*b - 13. Is j(-5) composite?
False
Suppose -18*k + 1941 = -15*k. Suppose -k - 8 = -5*r. Is r a composite number?
False
Let h be (-23)/(-69) + 4250/3. Suppose 2*w + w = 2*c + 1084, 0 = 4*w + 3*c - h. Is w a prime number?
False
Is 6/1 + 2 + 38019 prime?
False
Let w(z) = -5*z**3 + 3*z - 3. Let u be w(2). Let b be 598/4 + (-9)/(-18). Let n = u + b. Is n composite?
False
Suppose 2*d = -2*p - 10*p + 165286, -5*d = -4*p - 413181. Is d composite?
True
Suppose 2*v = -5*q + 10, -1 = 4*q + 5*v - 9. Suppose q = 2*c - 8. Suppose -5*m + 90 = -5*y, 3*m + 27 = c*y + 79. Is m composite?
False
Suppose 21*u - 20*u - 5 = 0. Suppose -m + 0*m + 3*v = 0, u*v = 5*m. Suppose m = 4*b - 0*j + 3*j - 1328, 4*j + 1356 = 4*b. Is b composite?
True
Suppose -110*d = -114*d + 39652. Is d composite?
True
Let j(v) be the third derivative of v**6/60 + v**5/20 + v**4/8 - v**3/2 + v**2. Let c be ((-3)/2)/((273/(-70))/13). Is j(c) a prime number?
True
Suppose -3*a + 0*x = x - 1192, -4*a = 4*x - 1584. Is a a prime number?
False
Is -2*(-23518)/4*1 composite?
True
Suppose -3*k - 4333 = -4*k + 3*c, -2*k - 3*c = -8648. Is k prime?
True
Let u(p) = -6*p - 24. Let s be u(7). Is (-73974)/s - 4/(-22) a composite number?
True
Let f(x) = 135*x. Suppose 4*v + 15 = -h - 0*v, -v = -h + 5. Let g be f(h). Let t = g + 292. Is t a prime number?
False
Let z be 1628/(-24) - 4/24. Suppose 3*n = n + d + 6, -2*n = -2*d - 8. Is n*(-2)/4 - z a composite number?
False
Suppose -3*t + 7 + 6 = 2*d, -t = -5*d + 7. Let n(g) = -4*g**2 + g + 4. Let l be n(d). Is (-152)/(-4)*l/(-4) a prime number?
False
Let s = 3115 - 656. Is s a composite number?
False
Let r(a) = -a**3 - a**2 - a + 77. Let q(g) be the second derivative of -g**3/6 - 4*g**2 + 6*g. Let u be q(-8). Is r(u) a prime number?
False
Let c(k) be the second derivative of -k**5/20 + k**4/12 - 49*k**2/2 - 14*k. Let b be c(0). Is (-12411)/b + (-2)/7 a prime number?
False
Let v be 6 - 25 - (1 - 0). Let p = 20 + v. Suppose -u + 4 + 15 = p. Is u composite?
False
Suppose -22*r + 1639 = -11*r. Is r a composite number?
False
Let x(t) = -2*t + 34. Let c be x(15). Suppose 2*o + 5*m - 2498 = 0, -6*o + 3*o + 3761 = c*m. Is o prime?
True
Let n be ((-15)/45)/(1/(-117)). Suppose -n = -3*s + 210. Is s composite?
False
Let g = -11 - -11. Suppose 4*u + 5*b = 493, g*b = 2*u + b - 251. Is u composite?
False
Let v(s) = 3*s + 3*s**2 - 4*s - 2*s**2 + 2*s**2. Let t be v(1). Is t/(8/82)*6 a composite number?
True
Suppose -n + 7 = 3. Suppose -r - 1597 = -n*s, r + 2*s + 1588 = -3*s. Let w = 2690 + r. Is w a composite number?
False
Suppose -3*s + 6 = 0, -7*s = -5*v - 3*s + 29927. Is v composite?
False
Let m be ((-10)/6)/((-30)/36). Is (m/6)/(5/(-15))*-157 composite?
False
Is (-2 - (-18)/3 - 3)*74963 composite?
True
Is 0 + 17213/(-14)*-2 a prime number?
True
Let u be ((-15)/5)/((-1)/1 + 2). Is (-3452)/(-12) - ((-33)/(-9) + u) composite?
True
Suppose 37*o - 3 = 34*o. Is 3 + o + 47/1 composite?
True
Is (-5262)/(-20) + 4/(-40) a prime number?
True
Let x(g) be the first derivative of g**3 + 3*g**2 - 5*g + 1. Let c be 2/(-10) - (-1)/((-25)/(-105)). Is x(c) composite?
False
Let j(s) be the third derivative of -55*s**4/24 - 9*s**3/2 - 22*s**2. Is j(-16) prime?
True
Let z = 109 + 363. Let o = 2 + 3. Suppose z - 77 = o*m. Is m composite?
False
Let n(p) = p**3 - p**2 - p**2 + 7*p + 8*p**2. Let x be n(-5). Is x/(-4)*(-130)/(-5) a composite number?
True
Suppose -2*j + 217 = -85. Suppose 3*s + n - 987 = 0, s = -3*n + j + 178. Is s prime?
False
Let u(l) = 3*l**2 + 11*l + 8. Let j be -14 + (2 - 0) + -1. Let r be u(j). Let m = -257 + r. Is m prime?
False
Suppose 6*l - 2 = 7*l. Let u(r) = -11*r**3 + 4*r**2 + 5*r + 3. Is u(l) composite?
False
Is 1 - 2 - (98 + -1738) a prime number?
False
Let c = -228 - 38. Let n be 431 - -3*2/(-3). Let s = n + c. Is s a prime number?
True
Suppose -4*d = -2*s + 22, 2*d + 8 = 5*s - 3*s. Let i = d + 10. Suppose -4*t + 258 = i*c - 59, -4*t = -5*c - 357. Is t a composite number?
False
Suppose -329059 = -5*v - 4*h, 0 = -4*v + 3*h - h + 263268. Is v prime?
False
Suppose -179230 = -7*l - 49709. Is l a composite number?
False
Suppose -5*i + 1243 = 2*f - 1337, 3*f - 3820 = 5*i. Let t = -853 + f. Is t composite?
True
Suppose -2*z = z + 5*a + 11, 0 = -4*z - a + 8. Suppose z*f - 176 = -y + 234, 0 = -y + 5*f + 434. Is y prime?
True
Let k = 31 - 19. Is 1/3 + 5888/k prime?
True
Suppose -g + 45 + 354 = -f, 5*f - 763 = -2*g. Let l = g + 17. Is l prime?
False
Suppose 5*f = -0 + 15. Suppose 10 = -2*t + f*t. Is 5/(t/352) - -3 composite?
False
Let l be -1 + 4 + 9 + 2. Suppose l*x - 15*x = -2395. Is x a composite number?
True
Let g(c) = c**3 + 16*c**2 + 16*c + 19. Let b be g(-15). Is ((-6)/b)/((-18)/3036) a prime number?
False
Let v(h) = 6*h**2 + 3*h + 19. Suppose -2*s - 24 = s. Is v(s) prime?
True
Suppose 6*d = d + 20. Let z be (-4)/14 + 8614/14. Suppose -3*r = v - 337, 2*v - z = -d*r + 55. Is v prime?
True
Let r = -8691 - -15028. Is r a prime number?
True
Suppose 0 = -4*r + 16, r = -3*z + 5*z + 10. Let j be 8/10*(-2 + z). Is j/(-8) - 115/(-2) composite?
True
Let z be 172*-1 + 6 + (3 - 1). Suppose 485 = -2*v - 3*v. Let l = v - z. Is l prime?
True
Let q(l) = -l**3 - 4*l**2 - 25*l - 11. Is q(-6) composite?
False
Suppose 0 = 5*q - 3*q. Let h be 1 + 1 + (1836 - 0). Suppose q = 3*j - 751 - h. Is j a prime number?
True
Suppose 2*l - 1 = -h + 3, -4 = -h. Suppose l = -3*f - 8*f + 9031. Is f prime?
True
Let k be ((-20)/(-12))/(4/36). Let p(a) = 8*a - 31. Is p(k) a prime number?
True
Let r(m) = 3*m**2 - 42*m - 279. Is r(-26) a prime number?
False
Let o(q) = q**3 - 12*q**2 + 5*q - 145. Is o(13) prime?
True
Suppose -8 = -0*z - 4*z. Suppose z*v + 5 = 1. Is (-35)/(-2 + 3 + v) composite?
True
Is 8185 + (184/115 - 3/5) a prime number?
False
Suppose -d - 2*k + 7*k = -129, 5*d - 597 = k. Let w = 74 - 8. Let r = d - w. Is r prime?
True
Let k(o) = o**3 + 5*o**2 - 7*o + 8. Suppose 24 = -2*m - 2*m. Let q be k(m). Is 12/(-42) - (-4442)/q a composite number?
False
Let g = 21129 + -9108. Is g prime?
False
Let m = -1815 + 2902. Is m a composite number?
False
Let i(x) be the second derivative of -x**5/10 - 5*x**4/6 - 5*x**3/6 + 7*x**2/2 + 2*x. Is i(-6) a prime number?
True
Let p be (-2 - 6/(-4))*38. Let r = -27 - p. Is (-422)/(-8) + (-2)/r prime?
True
Let z = 14004 - 8707. Is z a composite number?
False
Suppose -674923 - 320783 = -54*u. Is u a composite number?
False
Let z(j) = -4*j**3 + 3*j**2 + 4*j + 1. Let a be z(-1). Let x = -2 + -17. Is 1/((-77)/x - a) composite?
False
Let c be (0 + (-5157)/(-6))/(42/56). Let q = 1955 - c. Is q a composite number?
False
Let p = -26007 + 42278. Is p a composite number?
True
Let h(s) = -3*s - 31. Let w be h(-12). Suppose w*r = 5*o - 3155, 2*r = o - 948 + 315. Is o prime?
False
Suppose 2*y + 3*k - 26818 = 0, -4*y + 5*k + 32856 = -20824. Is y a composite number?
True
Let y be 86/11 + 12/66. Suppose -2 = 3*j - y. Is (-9 - 286)*j/(-5) a composite number?
True
Let w be ((-440)/100)/(1/1805). Is w/(-95)*(-10)/(-4) prime?
False
Is -5 + 7/(14/42940) - 4 composite?
True
Let j = -220 - -1139. Is j a composite number?
False
Let g(k) = -4*k**3 - 2*k. Let s be g(-2). Let j be 1/((-8)/s)*-2. Suppose 0 = -i - j + 24. Is i a composite number?
True
Suppose -9*i + 3*i + 972 = 0. Let v = i - 96. Is 1258/22 + (-12)/v composite?
True
Let x = -32 + 29. Let d = x - -1. Is d + -1 + 2*644 prime?
False
Is 2/(-1)*(-2)/(-8)*-3506 composite?
False
Let b be 2/(-4)*4/8*-8. Suppose -b*o + 1082 = -0*o. Is o a prime number?
True
Let k = 3091 - 1951. Let q = 6 - 4. Suppose w = q*j - 589, -3*j + 5*w + k = 246. Is j a prime number?
True
Let u(r) = 2*r**2 - 14*r + 31. Let q be (-4)/14 + 64/28 + 5. Is u(q) a prime number?
True
Suppose 7*i = 2*x + 10*i - 10927, 3*x - 4*i - 16433 = 0. Is x composite?
False
Suppose 0 = -4*l + 5*v + 4 + 13, -2*v + 10 = 4*l. Suppose -u = -3*p + 3208, 5*p = 7*p - l*u - 2141. Is p a composite number?
False
Let v(u) = 5*u - 27. Let n(d) = -12*d**3 - 2*d - 2. Le